{"id":70,"date":"2012-07-09T10:42:50","date_gmt":"2012-07-09T10:42:50","guid":{"rendered":"http:\/\/www.iccasorate.eduva.org\/?page_id=70"},"modified":"2022-09-22T11:35:23","modified_gmt":"2022-09-22T11:35:23","slug":"accessibilita","status":"publish","type":"page","link":"https:\/\/www.icferno.edu.it\/old\/accessibilita\/","title":{"rendered":"Accessibilit\u00e0"},"content":{"rendered":"<p>Il nostro desiderio \u00e8 quello di rendere il sito usabile e accessibile al maggior numero di persone possibile.<br>Consapevoli della necessit\u00e0 di continue verifiche tecniche e \u201cumane\u201d per raggiungere e mantenere nel tempo questa aspirazione, chiediamo a tutti i visitatori di segnalaci eventuali problemi.<\/p>\n<p>Abbiamo messo la massima cura, supportati dal team di Porte Parte sul Web, affinch\u00e8&nbsp; struttura, funzionalit\u00e0, contenuti e grafica rispettino i&nbsp; 22 requisiti definiti nel <acronym lang=\"It\" title=\"Decreto Ministeriale\">DM<\/acronym> 8 luglio 2005, <a title=\"Link a sito esterno www.pubblicoaccesso.it\" href=\"http:\/\/www.pubbliaccesso.it\/normative\/DM080705-A.htm\">allegato A<\/a> \u2013 attuazione della <a title=\"Link a sito esterno www.pubblicoaccesso.it\" href=\"http:\/\/www.pubbliaccesso.gov.it\/normative\/legge_20040109_n4.htm\">Legge \u201cStanca\u201d<\/a>, numero 4 del 2004.<\/p>\n<p>Il codice usato \u00e8 standard <acronym lang=\"En\" title=\"eXtensible HyperText Markup Language\">XHTML<\/acronym> 1.0 Strict cos\u00ec come richiesto dal requisito 1 della Legge 4\/2004.<\/p>\n<p>Stiamo imparando a scrivere allegati accessibili nei diversi formati; siamo consapevoli che&nbsp; molti tra quelli pubblicati direttamente dal nostro Istituto o provenienti da altre amministrazioni&nbsp; non lo sono o lo sono solo in parte.<\/p>\n<p>I livelli di certificazione, validati dal consorzio W3C, li effettuiamo alla pubblicazione di ogni nuova pagina e nel momento della sua modifica. Puoi controllare ogni pagina con gli appositi link presenti nel footer.<\/p>\n<h3>Segnalazioni di non accessibilit\u00e0<\/h3>\n<p>Commenti, domande, suggerimenti, segnalazioni di errori o difficolt\u00e0 rispetto all&#8217;accessibilit\u00e0 e all&#8217;usabilit\u00e0 del nostro sito sono bene accetti.<\/p>\n<p>Si prega di inoltrarli al seguente indirizzo:<\/p>\n<p><a href=\"mailto:webmaster@icferno.it\">webmaster@icferno.it&nbsp;<\/a><\/p>\n\n\n<h4>Dichiarazione di accessibilit\u00e0<\/h4>\n\n\n\n<p><a href=\"https:\/\/form.agid.gov.it\/view\/c3de9aae-9572-4dec-86ec-ad6ff4ff21ba\">https:\/\/form.agid.gov.it\/<\/a><\/p>\n","protected":false},"excerpt":{"rendered":"<p>Il nostro desiderio \u00e8 quello di rendere il sito usabile e accessibile al maggior numero di persone possibile.Consapevoli della necessit\u00e0 di continue verifiche tecniche e \u201cumane\u201d per raggiungere e mantenere nel tempo questa aspirazione, chiediamo a tutti i visitatori di segnalaci eventuali problemi. Abbiamo messo la massima cura, supportati dal team di Porte Parte sul&nbsp; &nbsp; <a class=\"moretag\" href=\"https:\/\/www.icferno.edu.it\/old\/accessibilita\/\" title=\"Leggi l&#180;intero articolo\">&raquo;<\/a><\/p>\n","protected":false},"author":1,"featured_media":0,"parent":0,"menu_order":0,"comment_status":"closed","ping_status":"closed","template":"","meta":{"ngg_post_thumbnail":0,"footnotes":""},"class_list":["post-70","page","type-page","status-publish","hentry"],"_links":{"self":[{"href":"https:\/\/www.icferno.edu.it\/old\/wp-json\/wp\/v2\/pages\/70"}],"collection":[{"href":"https:\/\/www.icferno.edu.it\/old\/wp-json\/wp\/v2\/pages"}],"about":[{"href":"https:\/\/www.icferno.edu.it\/old\/wp-json\/wp\/v2\/types\/page"}],"author":[{"embeddable":true,"href":"https:\/\/www.icferno.edu.it\/old\/wp-json\/wp\/v2\/users\/1"}],"replies":[{"embeddable":true,"href":"https:\/\/www.icferno.edu.it\/old\/wp-json\/wp\/v2\/comments?post=70"}],"version-history":[{"count":6,"href":"https:\/\/www.icferno.edu.it\/old\/wp-json\/wp\/v2\/pages\/70\/revisions"}],"predecessor-version":[{"id":11637,"href":"https:\/\/www.icferno.edu.it\/old\/wp-json\/wp\/v2\/pages\/70\/revisions\/11637"}],"wp:attachment":[{"href":"https:\/\/www.icferno.edu.it\/old\/wp-json\/wp\/v2\/media?parent=70"}],"curies":[{"name":"wp","href":"https:\/\/api.w.org\/{rel}","templated":true}]}}