{"id":2752,"date":"2015-03-21T08:52:17","date_gmt":"2015-03-21T08:52:17","guid":{"rendered":"http:\/\/www.icferno.gov.it\/?page_id=2752"},"modified":"2015-07-16T12:28:01","modified_gmt":"2015-07-16T12:28:01","slug":"manifestazioni-civili","status":"publish","type":"page","link":"https:\/\/www.icferno.edu.it\/old\/manifestazioni-civili\/","title":{"rendered":"Manifestazioni civili"},"content":{"rendered":"<p>Nel quadro della progettazione integrata particolare rilevanza ha la collaborazione con il Comune di Ferno in merito alla celebrazione delle Manifestazioni Civili. A tal fine la partecipazione degli alunni \u00e8 garantita, conseguente a progetti didattico-civili specifici ed \u00e8 cos\u00ec calendarizzata, nella prospettiva del curricolo verticale<\/p>\n<p>4 novembre cl.IV scuola primaria tema \u201cLA GUERRA\u201d<br \/>\n5 gennaio cl. V scuola primaria tema \u201cIL SACRIFICIO\u201d<br \/>\n27 gennaio cl. III scuola secondaria I\u00b0 tema \u201cLA MEMORIA\/IL GENOCIDIO\u201d<br \/>\n10 febbraio cl. II scuola secondaria I\u00b0 tema \u201cLA CONTRAPPOSIZIONE\u201d<br \/>\n25 aprile cl. I scuola secondaria I\u00b0 tema \u201cLA LIBERT\u00c0\u201d<\/p>\n<p>&nbsp;<\/p>\n","protected":false},"excerpt":{"rendered":"<p>Nel quadro della progettazione integrata particolare rilevanza ha la collaborazione con il Comune di Ferno in merito alla celebrazione delle Manifestazioni Civili. A tal fine la partecipazione degli alunni \u00e8 garantita, conseguente a progetti didattico-civili specifici ed \u00e8 cos\u00ec calendarizzata, nella prospettiva del curricolo verticale 4 novembre cl.IV scuola primaria tema \u201cLA GUERRA\u201d 5 gennaio&nbsp; &nbsp; <a class=\"moretag\" href=\"https:\/\/www.icferno.edu.it\/old\/manifestazioni-civili\/\" title=\"Leggi l&#180;intero articolo\">&raquo;<\/a><\/p>\n","protected":false},"author":1,"featured_media":0,"parent":0,"menu_order":0,"comment_status":"closed","ping_status":"closed","template":"","meta":{"ngg_post_thumbnail":0,"footnotes":""},"class_list":["post-2752","page","type-page","status-publish","hentry"],"_links":{"self":[{"href":"https:\/\/www.icferno.edu.it\/old\/wp-json\/wp\/v2\/pages\/2752"}],"collection":[{"href":"https:\/\/www.icferno.edu.it\/old\/wp-json\/wp\/v2\/pages"}],"about":[{"href":"https:\/\/www.icferno.edu.it\/old\/wp-json\/wp\/v2\/types\/page"}],"author":[{"embeddable":true,"href":"https:\/\/www.icferno.edu.it\/old\/wp-json\/wp\/v2\/users\/1"}],"replies":[{"embeddable":true,"href":"https:\/\/www.icferno.edu.it\/old\/wp-json\/wp\/v2\/comments?post=2752"}],"version-history":[{"count":1,"href":"https:\/\/www.icferno.edu.it\/old\/wp-json\/wp\/v2\/pages\/2752\/revisions"}],"predecessor-version":[{"id":2753,"href":"https:\/\/www.icferno.edu.it\/old\/wp-json\/wp\/v2\/pages\/2752\/revisions\/2753"}],"wp:attachment":[{"href":"https:\/\/www.icferno.edu.it\/old\/wp-json\/wp\/v2\/media?parent=2752"}],"curies":[{"name":"wp","href":"https:\/\/api.w.org\/{rel}","templated":true}]}}