{"id":2471,"date":"2015-03-08T13:02:58","date_gmt":"2015-03-08T13:02:58","guid":{"rendered":"http:\/\/www.icferno.gov.it\/?page_id=2471"},"modified":"2015-07-16T12:25:22","modified_gmt":"2015-07-16T12:25:22","slug":"organi-collegiali-2","status":"publish","type":"page","link":"https:\/\/www.icferno.edu.it\/old\/genitori\/organi-collegiali-2\/","title":{"rendered":"Organi collegiali"},"content":{"rendered":"<p>In questa pagina elenchiamo in termini generali gli organi collegiali della scuola e ne descriviamo composizione e funzioni. <strong>Dal menu contestuale sulla destra della pagina potete accedere alle informazioni specifiche sugli organi del nostro Istituto.<\/strong><\/p>\n<p>Per la composizione del Collegio dei docenti rimandiamo alla pagina \u201cdocenti\u201d (la trovate dal menu nella parte superiore della pagina).<\/p>\n<h3>Che cosa sono<\/h3>\n<p style=\"padding-left: 30px;\">\u201cGli organi collegiali sono organismi di governo e di gestione delle attivit\u00e0 scolastiche a livello territoriale e di singolo istituto. Sono composti da rappresentanti delle varie componenti interessate e si dividono in organi collegiali territoriali e organi collegiali scolastici.\u201d<\/p>\n<h3>Rappresentanza<\/h3>\n<p style=\"padding-left: 30px;\">\u201cIl processo educativo nella scuola si costruisce in primo luogo nella comunicazione tra docente e studente e si arricchisce in virt\u00f9 dello scambio con l\u2019intera comunit\u00e0 che attorno alla scuola vive e lavora. In questo senso la partecipazione al progetto scolastico da parte dei genitori \u00e8 un contributo fondamentale. Gli organi collegiali della scuola, che \u2013 se si esclude il Collegio dei Docenti \u2013 prevedono sempre la rappresentanza dei genitori, sono tra gli strumenti che possono garantire sia il libero confronto fra tutte le componenti scolastiche sia il raccordo tra scuola e territorio, in un contatto significativo con le dinamiche sociali. Tutti gli organi collegiali della scuola si riuniscono in orari non coincidenti con quello delle lezioni.\u201d<br \/>\nNorma di riferimento: <a href=\"http:\/\/archivio.pubblica.istruzione.it\/comitato_musica_new\/normativa\/allegati\/dlgs160494.pdf\">decreto legislativo 16 aprile 1994, n. 297<\/a><\/p>\n<p>La scuola italiana si avvale di organi di gestione, rappresentativi delle diverse componenti scolastiche, interne ed esterne alla scuola, come, ad esempio, studenti e genitori. Questi organismi a carattere collegiale sono previsti a vari livelli della scuola (classe, istituto) e del territorio (distretto, provincia e nazionale). I componenti degli organi collegiali vengono eletti dai componenti della categoria di appartenenza; i genitori che fanno parte di organismi collegiali sono, pertanto, eletti da altri genitori. La funzione degli organi collegiali \u00e8 diversa a seconda dei livelli di collocazione: \u00e8 consultiva e propositiva a livello di base (Consigli di Classe e Interclasse), \u00e8 deliberativa ai livelli superiori (Consigli di Circolo\/Istituto, Consigli Provinciali). Il regime di autonomia scolastica accentua la funzione degli organi collegiali che dovranno, conseguentemente, essere riformati per corrispondere alle nuove esigenze della scuola autonoma. La riforma degli organi collegiali per il governo della scuola \u00e8 affidata all\u2019approvazione di appositi disegni di legge presentati in Parlamento.<\/p>\n<h3>Consigli di Intersezione, Interclasse, di Classe e di Istituto<\/h3>\n<p>I genitori possono far parte, se eletti, dei Consigli di Classe (Consigli di Interclasse nella scuola primaria e di Intersezione nella scuola dell\u2019infanzia). Tutti i genitori (padre e madre) hanno diritto di voto per eleggere loro rappresentanti in questo organismo. \u00c8 diritto di ogni genitore proporsi per essere eletto. L\u2019elezione nei Consigli di Classe si svolge annualmente, mentre per il Consiglio di Istituto si svolge ogni triennio.<\/p>\n<h4>Il Consiglio di Classe (Interclasse e Intersezione)<\/h4>\n<p>Il Consiglio di Classe, composto dai docenti della classe e dalla rappresentanza dei genitori, si occupa dell\u2019andamento generale della classe, formula proposte al Dirigente Scolastico per il miglioramento dell\u2019attivit\u00e0, si esprime su eventuali progetti di sperimentazione, presenta proposte per un efficace rapporto scuola-famiglia.<\/p>\n<h4>Consiglio di Istituto<\/h4>\n<p>I genitori possono altres\u00ec far parte, se eletti, del Consiglio di Istituto. Tutti i genitori (padre e madre) hanno diritto di voto per eleggere loro rappresentanti in questo organismi ed \u00e8 diritto di ogni genitore proporsi per essere eletto.<\/p>\n<h4>Giunta Esecutiva<\/h4>\n<p>Due genitori eletti nel Consiglio di Istituto costituiscono con un docente, un impiegato amministrativo o tecnico o ausiliario la Giunta Esecutiva. Di diritto ne fanno parte il Dirigente Scolastico, che la presiede, e il Direttore dei servizi generali e amministrativi che ha anche funzioni di segretario della giunta stessa.<\/p>\n<h4>Collegio dei Docenti<\/h4>\n<p>Il Collegio Docenti \u00e8 formato dal personale insegnante di ruolo e non di ruolo in servizio presso l\u2019istituto ed \u00e8 presieduto dal Dirigente Scolastico.<\/p>\n<h4>Assemblea dei genitori<\/h4>\n<p>I genitori hanno diritto di riunirsi in assemblea tra di loro per discutere di problemi che riguardino aspetti di carattere generale della scuola o delle classi frequentante dai propri figli. Le assemblee possono essere di singole classi o di istituto. Hanno titolo a convocare l\u2019assemblea dei genitori i rappresentanti di classe eletti nei consigli di classe, dandone preventiva informazione al Dirigente (con indicazione specifica degli argomenti da trattare) e chiedendo l\u2019uso dei locali scolastici. Alle assemblee possono partecipare con diritto di parola il Dirigente e i docenti della classe. Le assemblee dei genitori possono anche essere convocate dai docenti della classe.<\/p>\n","protected":false},"excerpt":{"rendered":"<p>In questa pagina elenchiamo in termini generali gli organi collegiali della scuola e ne descriviamo composizione e funzioni. Dal menu contestuale sulla destra della pagina potete accedere alle informazioni specifiche sugli organi del nostro Istituto. Per la composizione del Collegio dei docenti rimandiamo alla pagina \u201cdocenti\u201d (la trovate dal menu nella parte superiore della pagina).&nbsp; &nbsp; <a class=\"moretag\" href=\"https:\/\/www.icferno.edu.it\/old\/genitori\/organi-collegiali-2\/\" title=\"Leggi l&#180;intero articolo\">&raquo;<\/a><\/p>\n","protected":false},"author":1,"featured_media":0,"parent":47,"menu_order":0,"comment_status":"closed","ping_status":"closed","template":"","meta":{"ngg_post_thumbnail":0,"footnotes":""},"class_list":["post-2471","page","type-page","status-publish","hentry"],"_links":{"self":[{"href":"https:\/\/www.icferno.edu.it\/old\/wp-json\/wp\/v2\/pages\/2471"}],"collection":[{"href":"https:\/\/www.icferno.edu.it\/old\/wp-json\/wp\/v2\/pages"}],"about":[{"href":"https:\/\/www.icferno.edu.it\/old\/wp-json\/wp\/v2\/types\/page"}],"author":[{"embeddable":true,"href":"https:\/\/www.icferno.edu.it\/old\/wp-json\/wp\/v2\/users\/1"}],"replies":[{"embeddable":true,"href":"https:\/\/www.icferno.edu.it\/old\/wp-json\/wp\/v2\/comments?post=2471"}],"version-history":[{"count":4,"href":"https:\/\/www.icferno.edu.it\/old\/wp-json\/wp\/v2\/pages\/2471\/revisions"}],"predecessor-version":[{"id":2476,"href":"https:\/\/www.icferno.edu.it\/old\/wp-json\/wp\/v2\/pages\/2471\/revisions\/2476"}],"up":[{"embeddable":true,"href":"https:\/\/www.icferno.edu.it\/old\/wp-json\/wp\/v2\/pages\/47"}],"wp:attachment":[{"href":"https:\/\/www.icferno.edu.it\/old\/wp-json\/wp\/v2\/media?parent=2471"}],"curies":[{"name":"wp","href":"https:\/\/api.w.org\/{rel}","templated":true}]}}